3, -2*c + 14 = 4*m. Let x = 181 + 25. Suppose j = -w + 38, -x = -w - 4*w + c*j. List the prime factors of w.
2, 5
Suppose 19*k = 25*k. Let g be (1 + -1 - 10)/(-2). Suppose k = g*f - 14*f + 2052. List the prime factors of f.
2, 3, 19
Suppose -102*u + 106*u + 75305 = 5*j, 2*j = 5*u + 30105. What are the prime factors of j?
5, 23, 131
List the prime factors of (104/(-3) - -31)/((-1)/1251).
3, 11, 139
Let g(l) = 8*l - 22. Let d(m) = 17*m - 45. Let s(z) = 3*d(z) - 7*g(z). Suppose 0 = -82*o + 85*o - 2*p + 20, -4*p + 16 = -2*o. List the prime factors of s(o).
7
Suppose 5*a + 170 = 225. Let z(w) = 5*w + 16. Let p(h) = 6*h + 17. Let x(i) = -3*p(i) + 4*z(i). What are the prime factors of x(a)?
5, 7
Let s(n) = 3*n**2 + 6*n - 3. Let x = -1 - 2. Let z be s(x). What are the prime factors of 422/z + 8/12?
71
Let x(p) = -18*p**3 - 20*p + 38*p**3 - 34 - p**2 - 29 - 22*p**3 - 8*p**2. List the prime factors of x(-6).
3, 5, 11
Let i be 2 - -1 - (1 + -6). What are the prime factors of 0 + 71 + i + (3 - 9)?
73
Suppose 0 = -5*i + 2*a + 64650, 3*i + 3*a - 5404 - 33365 = 0. List the prime factors of i.
2, 101
Let s(i) = -2256*i**3 - 6*i**2 - 25*i - 75. List the prime factors of s(-3).
2, 3, 7, 23
Let v(a) = 3*a - 16. Let q be v(7). Suppose 4*b + 4*i - 1 = 3, 5*i - q = 4*b. Suppose k = 5*h + 78, 8*k - 3*k - 5*h - 330 = b. What are the prime factors of k?
3, 7
Let b be (-23992)/1 + 2 + 2 + 0. What are the prime factors of ((-48)/(-21))/(-8) - b/21?
2, 571
Let a(o) = -11*o - 27 + 23*o + o**3 + 18*o**2 - 1 - 15*o - 1. List the prime factors of a(-9).
727
Let s be ((-15)/2)/(((-30)/(-6))/10). Let a(n) = -n**2 - 13*n + 37. Let g be a(s). Suppose g*c - 5*c = 30. What are the prime factors of c?
3, 5
Let l(u) be the second derivative of u**5/20 - u**4/4 + u**3/2 + u**2/2 + u. Let w(d) = d**2 + d - 1. Let o be w(2). List the prime factors of l(o).
2, 3, 11
Suppose 8*w - 5*w = 4*c + 13591, -6*w + 5*c + 27188 = 0. What are the prime factors of w?
3, 1511
Suppose -18*p - 18516 = 26*p - 48*p. What are the prime factors of p?
3, 1543
Suppose 3*g = 6*g - 54. Suppose 5*p - 22 = g. Let n(m) = 4*m**2 - 17*m - 10. What are the prime factors of n(p)?
2, 5, 11
Let f = 18831 - 8171. List the prime factors of f.
2, 5, 13, 41
Suppose 5*u - 5*h = -1380 + 39105, -3*u + 22629 = -h. What are the prime factors of u?
2, 3, 419
Suppose 4062 = -7*f + 10*f. Suppose -5*s = -3*v + f - 4433, 4*s - 2441 = -5*v. What are the prime factors of s?
2, 307
Let c(h) = -43*h**3 + 11*h**2 - 26*h - 36. List the prime factors of c(-6).
2, 3, 19, 43
Let p = 88 - -28. Suppose 35 - p = -s. Let d = s + -29. List the prime factors of d.
2, 13
Let v = 8 - 0. Suppose 12 = v*x - 11*x. What are the prime factors of (-48)/(-9)*(-1)/(x/51)?
2, 17
Let w = 17152 + -11606. List the prime factors of w.
2, 47, 59
Let g be (-65)/2 + 3/6. Let r = -364 + 377. Let d = r - g. List the prime factors of d.
3, 5
Suppose -26*u + 21*u + 45 = 0. Suppose -u*k = -6*k + 303. List the prime factors of (1 - k) + 4/(-4).
101
Let h be 3/(-9) - (-28)/3. Suppose -4*m = -h*m - 3*t + 19, 4*m + t - 11 = 0. Suppose m*y - 22 - 172 = 3*k, 5*k = 2*y - 190. What are the prime factors of y?
2, 5
Suppose 104 = t + 5*h, -3*t + t - 4*h + 232 = 0. Let l = t - -101. What are the prime factors of l?
3, 5
Suppose 4*g - 32432 - 31962 = -x, g + 4*x = 16106. List the prime factors of g.
2, 3, 2683
List the prime factors of (92 - 88)/((-19137)/(-31845) + (-3)/5).
2, 11, 193
Let f = 19909 - 17361. What are the prime factors of f?
2, 7, 13
Let c(g) = 2*g**2 + g - 1. Let k be c(4). Suppose -2*r = 2*t + 10, 0 = 5*t - 0*r + 3*r + k. List the prime factors of (624/16)/((-2)/t).
3, 5, 13
Suppose 37457 = 5*s - 523*g + 519*g, -14988 = -2*s - g. What are the prime factors of s?
59, 127
Suppose 3*z + 3 = 0, 0 = 17*c - 21*z + 18*z - 195605. List the prime factors of c.
2, 11, 523
Let n(z) = z**3 + 78*z**2 + 71*z - 947. What are the prime factors of n(-73)?
5, 11, 373
Let u(k) = -k**2 + 4*k + 8. Let t be u(6). Let p(l) = 10 - 3299*l**3 - 3305*l**3 + 6602*l**3 + l**2 - l. What are the prime factors of p(t)?
2, 79
Let i(d) = -d**2 - 10*d - 7. Let a(t) = 3*t**2 + 21*t + 13. Let w(l) = 2*a(l) + 5*i(l). Let b be w(-6). List the prime factors of (-15)/b - 912/(-10).
7, 13
Let i be (8 + -5)/6 - (-2211)/6. Suppose -i - 2391 = -4*y. What are the prime factors of y?
2, 3, 5, 23
Let t = 24 - -26. Let j(u) = 5*u - 48 + t - 9*u + 3*u**2. List the prime factors of j(-4).
2, 3, 11
Let k(a) = 878*a**3 - 2*a**2 - 10*a - 4. Let h be k(-4). What are the prime factors of h/(-132) + (-1)/(-3)?
2, 3, 71
Suppose 6*y - 103301 = -10*y + 5*y. List the prime factors of y.
9391
Suppose 33*m - 112431 = 97*m - 436271. What are the prime factors of m?
2, 5, 11, 23
Let r be 54/(-15) - 21/(-35). Let l be (-15)/(-10)*122/r. Let m = l + 178. What are the prime factors of m?
3, 13
Suppose -17*x + 7*x = -50. Suppose 1327 = 4*n - 3*g, -x*n + 0*n - g = -1635. What are the prime factors of n?
2, 41
Suppose 4*t - 3*s - 39068 = 0, -236*t + 231*t = 5*s - 48800. List the prime factors of t.
2, 2441
Let t(l) be the third derivative of l**5/5 - l**4/3 - 3*l**3/2 + 60*l**2. What are the prime factors of t(8)?
5, 139
Suppose -4*a - 8*a = 72. List the prime factors of -1 - a - (-196 + -3).
2, 3, 17
Let j(h) = -2632*h**3 - 6*h**2 - 23*h - 11. List the prime factors of j(-2).
21067
Let g = -18511 - -20336. What are the prime factors of g?
5, 73
Suppose 2*r - 12 = -r. Suppose -85 = -t + 3*p + 103, -r*t + 3*p + 797 = 0. List the prime factors of t.
7, 29
Suppose -230*o = -103*o - 80*o - 844872. What are the prime factors of o?
2, 3, 7, 107
Let l(b) = b**3 - 7*b**2 - 2*b + 4. Let m be l(7). Let u = m - -150. List the prime factors of 40/u - 1214/(-14).
3, 29
Suppose 42681 = 2*k - 2*j - 24153, 4*k - 133619 = -3*j. List the prime factors of k.
2, 5, 13, 257
Let u(m) = 8*m + 39. Let b be u(-6). Let x(h) = -h**3 - 3*h**2 - 16*h - 3. List the prime factors of x(b).
3, 11, 19
Let q = 248 - 239. List the prime factors of 10/((-30)/q)*(-2840)/6.
2, 5, 71
Let t(u) = u**3 - 32*u**2 + 60*u + 9. Let n be t(30). Suppose -39 = n*p - 1992. What are the prime factors of p?
7, 31
Let w(g) = -4*g - 125. Let p be w(-32). Suppose v + 327 = p*l - 332, -4*l + 900 = 4*v. What are the prime factors of l?
13, 17
Suppose 37 = 3*j - 2*f, -f + 1 + 0 = 0. Suppose 0 = -16*n + j*n + 219. What are the prime factors of n?
73
Suppose -265402 = -23*f - 33125. What are the prime factors of f?
10099
Let b = 24 + -24. Suppose b = -0*o - 2*o - 2*a + 20, -2*o + 2*a = 0. Suppose o = -5*q, 90 = 3*w + 3*q - 93. List the prime factors of w.
2, 31
Let m = 1066 - -4528. What are the prime factors of m?
2, 2797
Let s = -39 + 22. Let q = 1716 - 1710. Let d = q - s. List the prime factors of d.
23
Let p be (9*(-8)/(-12))/((-6)/(-16)). What are the prime factors of (143/(-2) - 0)/(p/(-160))?
5, 11, 13
List the prime factors of 5112/72*99*1.
3, 11, 71
Let b(d) be the first derivative of d**2/2 + 7*d - 23. Let t be b(-3). Suppose 80 = t*n - 12. List the prime factors of n.
23
Suppose -16 = -n - 7. Suppose 7 - n = -f. Suppose 6*c - 440 = f*c + 4*s, 5*c = -3*s + 590. What are the prime factors of c?
5, 23
Suppose 0 = -3*v + 2*p + 24 - 411, 3*v + p + 396 = 0. List the prime factors of v*(-9 + (-2 - 3)).
2, 7, 131
Let p be (-2)/(-8) + 198/72. Suppose 0*z - 9 = -p*z. List the prime factors of (-498)/z*7/(-14).
83
Suppose 4*f - 4 = 16. What are the prime factors of 1*(1675/f + 6)?
11, 31
What are the prime factors of (-24)/(-16)*(-668)/6*(-6 - 125)?
131, 167
Let i(m) = 34*m**2 - 11*m - 157. List the prime factors of i(-14).
6661
Let j(t) = 24*t - 156. Let h be j(22). Let i = h - -160. What are the prime factors of i?
2, 7, 19
Let r(p) be the third derivative of -2*p**4/3 + 313*p**3/6 - 306*p**2. List the prime factors of r(10).
3, 17
Suppose 0 = 5*d + 3*g - 36199, 3*d - 23694 = g - 1983. What are the prime factors of d?
2, 7, 11, 47
List the prime factors of (-4)/(-7) - (521160/(-56) - -16).
3, 19, 163
Let x(s) = -51*s - 190. Let i(n) = 26*n + 95. Let m(w) = 5*i(w) + 2*x(w). List the prime factors of m(4).
3, 23
Let i(q) = 113*q**2 - 4*q - 18. Let y be i(-3). Suppose -y + 399 = -17*d. List the prime factors of d.
2, 3
Suppose -969499 + 374889 = -97*i. List the prime factors of i.
2, 5, 6